{"id":968,"date":"2022-08-06T14:49:45","date_gmt":"2022-08-06T12:49:45","guid":{"rendered":"https:\/\/www.yegi.ch\/ueber-yegi\/"},"modified":"2023-02-23T16:46:21","modified_gmt":"2023-02-23T15:46:21","slug":"a-propos-de-yegi","status":"publish","type":"page","link":"https:\/\/www.yegi.ch\/fr\/a-propos-de-yegi\/","title":{"rendered":"\u00c0 propos de YEGI<sup>\u00ae<\/sup>"},"content":{"rendered":"","protected":false},"excerpt":{"rendered":"","protected":false},"author":1,"featured_media":0,"parent":0,"menu_order":4,"comment_status":"closed","ping_status":"closed","template":"","meta":{"_acf_changed":false,"inline_featured_image":false,"footnotes":""},"class_list":["post-968","page","type-page","status-publish","hentry"],"acf":[],"yoast_head":"<!-- This site is optimized with the Yoast SEO plugin v28.4 - https:\/\/yoast.com\/product\/yoast-seo-wordpress\/ -->\n<title>\u00c0 propos de YEGI\u00ae | YEGI<\/title>\n<meta name=\"description\" content=\"YEGI en tant que sp\u00e9cialiste suisse du soin des pieds. La marque YEGI propose des produits de soin des pieds de qualit\u00e9 sup\u00e9rieure \u00e0 base d&#039;herbes des Alpes depuis 1974.\" \/>\n<meta name=\"robots\" content=\"index, follow, max-snippet:-1, max-image-preview:large, max-video-preview:-1\" \/>\n<link rel=\"canonical\" href=\"https:\/\/www.yegi.ch\/fr\/a-propos-de-yegi\/\" \/>\n<meta property=\"og:locale\" content=\"fr_FR\" \/>\n<meta property=\"og:type\" content=\"article\" \/>\n<meta property=\"og:title\" content=\"\u00c0 propos de YEGI\u00ae | YEGI\" \/>\n<meta property=\"og:description\" content=\"YEGI en tant que sp\u00e9cialiste suisse du soin des pieds. La marque YEGI propose des produits de soin des pieds de qualit\u00e9 sup\u00e9rieure \u00e0 base d&#039;herbes des Alpes depuis 1974.\" \/>\n<meta property=\"og:url\" content=\"https:\/\/www.yegi.ch\/fr\/a-propos-de-yegi\/\" \/>\n<meta property=\"og:site_name\" content=\"YEGI\" \/>\n<meta property=\"article:publisher\" content=\"https:\/\/www.facebook.com\/yegi.fusspflege\" \/>\n<meta property=\"article:modified_time\" content=\"2023-02-23T15:46:21+00:00\" \/>\n<meta name=\"twitter:card\" content=\"summary_large_image\" \/>\n<script type=\"application\/ld+json\" class=\"yoast-schema-graph\">{\"@context\":\"https:\\\/\\\/schema.org\",\"@graph\":[{\"@type\":\"WebPage\",\"@id\":\"https:\\\/\\\/www.yegi.ch\\\/fr\\\/a-propos-de-yegi\\\/\",\"url\":\"https:\\\/\\\/www.yegi.ch\\\/fr\\\/a-propos-de-yegi\\\/\",\"name\":\"\u00c0 propos de YEGI\u00ae | YEGI\",\"isPartOf\":{\"@id\":\"https:\\\/\\\/www.yegi.ch\\\/fr\\\/#website\"},\"datePublished\":\"2022-08-06T12:49:45+00:00\",\"dateModified\":\"2023-02-23T15:46:21+00:00\",\"description\":\"YEGI en tant que sp\u00e9cialiste suisse du soin des pieds. La marque YEGI propose des produits de soin des pieds de qualit\u00e9 sup\u00e9rieure \u00e0 base d'herbes des Alpes depuis 1974.\",\"breadcrumb\":{\"@id\":\"https:\\\/\\\/www.yegi.ch\\\/fr\\\/a-propos-de-yegi\\\/#breadcrumb\"},\"inLanguage\":\"fr-FR\",\"potentialAction\":[{\"@type\":\"ReadAction\",\"target\":[\"https:\\\/\\\/www.yegi.ch\\\/fr\\\/a-propos-de-yegi\\\/\"]}]},{\"@type\":\"BreadcrumbList\",\"@id\":\"https:\\\/\\\/www.yegi.ch\\\/fr\\\/a-propos-de-yegi\\\/#breadcrumb\",\"itemListElement\":[{\"@type\":\"ListItem\",\"position\":1,\"name\":\"Startseite\",\"item\":\"https:\\\/\\\/www.yegi.ch\\\/fr\\\/\"},{\"@type\":\"ListItem\",\"position\":2,\"name\":\"\u00c0 propos de YEGI\u00ae\"}]},{\"@type\":\"WebSite\",\"@id\":\"https:\\\/\\\/www.yegi.ch\\\/fr\\\/#website\",\"url\":\"https:\\\/\\\/www.yegi.ch\\\/fr\\\/\",\"name\":\"YEGI\",\"description\":\"\",\"publisher\":{\"@id\":\"https:\\\/\\\/www.yegi.ch\\\/fr\\\/#organization\"},\"potentialAction\":[{\"@type\":\"SearchAction\",\"target\":{\"@type\":\"EntryPoint\",\"urlTemplate\":\"https:\\\/\\\/www.yegi.ch\\\/fr\\\/?s={search_term_string}\"},\"query-input\":{\"@type\":\"PropertyValueSpecification\",\"valueRequired\":true,\"valueName\":\"search_term_string\"}}],\"inLanguage\":\"fr-FR\"},{\"@type\":\"Organization\",\"@id\":\"https:\\\/\\\/www.yegi.ch\\\/fr\\\/#organization\",\"name\":\"YEGI - Fusspflege mit Alpenkr\u00e4utern aus der Schweiz seit 1974\",\"url\":\"https:\\\/\\\/www.yegi.ch\\\/fr\\\/\",\"logo\":{\"@type\":\"ImageObject\",\"inLanguage\":\"fr-FR\",\"@id\":\"https:\\\/\\\/www.yegi.ch\\\/fr\\\/#\\\/schema\\\/logo\\\/image\\\/\",\"url\":\"https:\\\/\\\/www.yegi.ch\\\/wp-content\\\/uploads\\\/2022\\\/09\\\/flogo.svg\",\"contentUrl\":\"https:\\\/\\\/www.yegi.ch\\\/wp-content\\\/uploads\\\/2022\\\/09\\\/flogo.svg\",\"width\":113,\"height\":30,\"caption\":\"YEGI - Fusspflege mit Alpenkr\u00e4utern aus der Schweiz seit 1974\"},\"image\":{\"@id\":\"https:\\\/\\\/www.yegi.ch\\\/fr\\\/#\\\/schema\\\/logo\\\/image\\\/\"},\"sameAs\":[\"https:\\\/\\\/www.facebook.com\\\/yegi.fusspflege\"]}]}<\/script>\n<!-- \/ Yoast SEO plugin. -->","yoast_head_json":{"title":"\u00c0 propos de YEGI\u00ae | YEGI","description":"YEGI en tant que sp\u00e9cialiste suisse du soin des pieds. La marque YEGI propose des produits de soin des pieds de qualit\u00e9 sup\u00e9rieure \u00e0 base d'herbes des Alpes depuis 1974.","robots":{"index":"index","follow":"follow","max-snippet":"max-snippet:-1","max-image-preview":"max-image-preview:large","max-video-preview":"max-video-preview:-1"},"canonical":"https:\/\/www.yegi.ch\/fr\/a-propos-de-yegi\/","og_locale":"fr_FR","og_type":"article","og_title":"\u00c0 propos de YEGI\u00ae | YEGI","og_description":"YEGI en tant que sp\u00e9cialiste suisse du soin des pieds. La marque YEGI propose des produits de soin des pieds de qualit\u00e9 sup\u00e9rieure \u00e0 base d'herbes des Alpes depuis 1974.","og_url":"https:\/\/www.yegi.ch\/fr\/a-propos-de-yegi\/","og_site_name":"YEGI","article_publisher":"https:\/\/www.facebook.com\/yegi.fusspflege","article_modified_time":"2023-02-23T15:46:21+00:00","twitter_card":"summary_large_image","schema":{"@context":"https:\/\/schema.org","@graph":[{"@type":"WebPage","@id":"https:\/\/www.yegi.ch\/fr\/a-propos-de-yegi\/","url":"https:\/\/www.yegi.ch\/fr\/a-propos-de-yegi\/","name":"\u00c0 propos de YEGI\u00ae | YEGI","isPartOf":{"@id":"https:\/\/www.yegi.ch\/fr\/#website"},"datePublished":"2022-08-06T12:49:45+00:00","dateModified":"2023-02-23T15:46:21+00:00","description":"YEGI en tant que sp\u00e9cialiste suisse du soin des pieds. La marque YEGI propose des produits de soin des pieds de qualit\u00e9 sup\u00e9rieure \u00e0 base d'herbes des Alpes depuis 1974.","breadcrumb":{"@id":"https:\/\/www.yegi.ch\/fr\/a-propos-de-yegi\/#breadcrumb"},"inLanguage":"fr-FR","potentialAction":[{"@type":"ReadAction","target":["https:\/\/www.yegi.ch\/fr\/a-propos-de-yegi\/"]}]},{"@type":"BreadcrumbList","@id":"https:\/\/www.yegi.ch\/fr\/a-propos-de-yegi\/#breadcrumb","itemListElement":[{"@type":"ListItem","position":1,"name":"Startseite","item":"https:\/\/www.yegi.ch\/fr\/"},{"@type":"ListItem","position":2,"name":"\u00c0 propos de YEGI\u00ae"}]},{"@type":"WebSite","@id":"https:\/\/www.yegi.ch\/fr\/#website","url":"https:\/\/www.yegi.ch\/fr\/","name":"YEGI","description":"","publisher":{"@id":"https:\/\/www.yegi.ch\/fr\/#organization"},"potentialAction":[{"@type":"SearchAction","target":{"@type":"EntryPoint","urlTemplate":"https:\/\/www.yegi.ch\/fr\/?s={search_term_string}"},"query-input":{"@type":"PropertyValueSpecification","valueRequired":true,"valueName":"search_term_string"}}],"inLanguage":"fr-FR"},{"@type":"Organization","@id":"https:\/\/www.yegi.ch\/fr\/#organization","name":"YEGI - Fusspflege mit Alpenkr\u00e4utern aus der Schweiz seit 1974","url":"https:\/\/www.yegi.ch\/fr\/","logo":{"@type":"ImageObject","inLanguage":"fr-FR","@id":"https:\/\/www.yegi.ch\/fr\/#\/schema\/logo\/image\/","url":"https:\/\/www.yegi.ch\/wp-content\/uploads\/2022\/09\/flogo.svg","contentUrl":"https:\/\/www.yegi.ch\/wp-content\/uploads\/2022\/09\/flogo.svg","width":113,"height":30,"caption":"YEGI - Fusspflege mit Alpenkr\u00e4utern aus der Schweiz seit 1974"},"image":{"@id":"https:\/\/www.yegi.ch\/fr\/#\/schema\/logo\/image\/"},"sameAs":["https:\/\/www.facebook.com\/yegi.fusspflege"]}]}},"_links":{"self":[{"href":"https:\/\/www.yegi.ch\/fr\/wp-json\/wp\/v2\/pages\/968","targetHints":{"allow":["GET"]}}],"collection":[{"href":"https:\/\/www.yegi.ch\/fr\/wp-json\/wp\/v2\/pages"}],"about":[{"href":"https:\/\/www.yegi.ch\/fr\/wp-json\/wp\/v2\/types\/page"}],"author":[{"embeddable":true,"href":"https:\/\/www.yegi.ch\/fr\/wp-json\/wp\/v2\/users\/1"}],"replies":[{"embeddable":true,"href":"https:\/\/www.yegi.ch\/fr\/wp-json\/wp\/v2\/comments?post=968"}],"version-history":[{"count":6,"href":"https:\/\/www.yegi.ch\/fr\/wp-json\/wp\/v2\/pages\/968\/revisions"}],"predecessor-version":[{"id":1043,"href":"https:\/\/www.yegi.ch\/fr\/wp-json\/wp\/v2\/pages\/968\/revisions\/1043"}],"wp:attachment":[{"href":"https:\/\/www.yegi.ch\/fr\/wp-json\/wp\/v2\/media?parent=968"}],"curies":[{"name":"wp","href":"https:\/\/api.w.org\/{rel}","templated":true}]}}

À propos de YEGI<sup>®</sup>

<!-- This site is optimized with the Yoast SEO plugin v28.4 - https://yoast.com/product/yoast-seo-wordpress/ -->
<title>À propos de YEGI® | YEGI</title>
<meta name="description" content="YEGI en tant que spécialiste suisse du soin des pieds. La marque YEGI propose des produits de soin des pieds de qualité supérieure à base d&#039;herbes des Alpes depuis 1974." />
<meta name="robots" content="index, follow, max-snippet:-1, max-image-preview:large, max-video-preview:-1" />
<link rel="canonical" href="https://www.yegi.ch/fr/a-propos-de-yegi/" />
<meta property="og:locale" content="fr_FR" />
<meta property="og:type" content="article" />
<meta property="og:title" content="À propos de YEGI® | YEGI" />
<meta property="og:description" content="YEGI en tant que spécialiste suisse du soin des pieds. La marque YEGI propose des produits de soin des pieds de qualité supérieure à base d&#039;herbes des Alpes depuis 1974." />
<meta property="og:url" content="https://www.yegi.ch/fr/a-propos-de-yegi/" />
<meta property="og:site_name" content="YEGI" />
<meta property="article:publisher" content="https://www.facebook.com/yegi.fusspflege" />
<meta property="article:modified_time" content="2023-02-23T15:46:21+00:00" />
<meta name="twitter:card" content="summary_large_image" />
<script type="application/ld+json" class="yoast-schema-graph">{"@context":"https:\/\/schema.org","@graph":[{"@type":"WebPage","@id":"https:\/\/www.yegi.ch\/fr\/a-propos-de-yegi\/","url":"https:\/\/www.yegi.ch\/fr\/a-propos-de-yegi\/","name":"À propos de YEGI® | YEGI","isPartOf":{"@id":"https:\/\/www.yegi.ch\/fr\/#website"},"datePublished":"2022-08-06T12:49:45+00:00","dateModified":"2023-02-23T15:46:21+00:00","description":"YEGI en tant que spécialiste suisse du soin des pieds. La marque YEGI propose des produits de soin des pieds de qualité supérieure à base d'herbes des Alpes depuis 1974.","breadcrumb":{"@id":"https:\/\/www.yegi.ch\/fr\/a-propos-de-yegi\/#breadcrumb"},"inLanguage":"fr-FR","potentialAction":[{"@type":"ReadAction","target":["https:\/\/www.yegi.ch\/fr\/a-propos-de-yegi\/"]}]},{"@type":"BreadcrumbList","@id":"https:\/\/www.yegi.ch\/fr\/a-propos-de-yegi\/#breadcrumb","itemListElement":[{"@type":"ListItem","position":1,"name":"Startseite","item":"https:\/\/www.yegi.ch\/fr\/"},{"@type":"ListItem","position":2,"name":"À propos de YEGI®"}]},{"@type":"WebSite","@id":"https:\/\/www.yegi.ch\/fr\/#website","url":"https:\/\/www.yegi.ch\/fr\/","name":"YEGI","description":"","publisher":{"@id":"https:\/\/www.yegi.ch\/fr\/#organization"},"potentialAction":[{"@type":"SearchAction","target":{"@type":"EntryPoint","urlTemplate":"https:\/\/www.yegi.ch\/fr\/?s={search_term_string}"},"query-input":{"@type":"PropertyValueSpecification","valueRequired":true,"valueName":"search_term_string"}}],"inLanguage":"fr-FR"},{"@type":"Organization","@id":"https:\/\/www.yegi.ch\/fr\/#organization","name":"YEGI - Fusspflege mit Alpenkräutern aus der Schweiz seit 1974","url":"https:\/\/www.yegi.ch\/fr\/","logo":{"@type":"ImageObject","inLanguage":"fr-FR","@id":"https:\/\/www.yegi.ch\/fr\/#\/schema\/logo\/image\/","url":"https:\/\/www.yegi.ch\/wp-content\/uploads\/2022\/09\/flogo.svg","contentUrl":"https:\/\/www.yegi.ch\/wp-content\/uploads\/2022\/09\/flogo.svg","width":113,"height":30,"caption":"YEGI - Fusspflege mit Alpenkräutern aus der Schweiz seit 1974"},"image":{"@id":"https:\/\/www.yegi.ch\/fr\/#\/schema\/logo\/image\/"},"sameAs":["https:\/\/www.facebook.com\/yegi.fusspflege"]}]}</script>
<!-- / Yoast SEO plugin. -->

À propos de YEGI® | YEGI

YEGI en tant que spécialiste suisse du soin des pieds. La marque YEGI propose des produits de soin des pieds de qualité supérieure à base d'herbes des Alpes depuis 1974.

À propos de YEGI®

YEGI - Fusspflege mit Alpenkräutern aus der Schweiz seit 1974
